 divided by 80.
10
Calculate the remainder when 42 is divided by 29.
13
Calculate the remainder when 216 is divided by 24.
0
Calculate the remainder when 990 is divided by 231.
66
What is the remainder when 73 is divided by 4?
1
What is the remainder when 9780 is divided by 95?
90
Calculate the remainder when 133 is divided by 62.
9
Calculate the remainder when 348 is divided by 86.
4
What is the remainder when 228 is divided by 4?
0
What is the remainder when 295 is divided by 60?
55
Calculate the remainder when 2990 is divided by 20.
10
Calculate the remainder when 2487 is divided by 10.
7
What is the remainder when 415 is divided by 211?
204
Calculate the remainder when 15745 is divided by 18.
13
What is the remainder when 25 is divided by 16?
9
What is the remainder when 1085 is divided by 509?
67
What is the remainder when 334 is divided by 48?
46
What is the remainder when 722 is divided by 240?
2
Calculate the remainder when 113 is divided by 15.
8
What is the remainder when 247 is divided by 16?
7
Calculate the remainder when 4072 is divided by 678.
4
Calculate the remainder when 103 is divided by 42.
19
Calculate the remainder when 561 is divided by 32.
17
Calculate the remainder when 86 is divided by 7.
2
Calculate the remainder when 964 is divided by 69.
67
What is the remainder when 107 is divided by 29?
20
Calculate the remainder when 3877 is divided by 118.
101
What is the remainder when 99 is divided by 20?
19
What is the remainder when 411 is divided by 284?
127
Calculate the remainder when 95 is divided by 50.
45
Calculate the remainder when 2306 is divided by 21.
17
Calculate the remainder when 363 is divided by 85.
23
What is the remainder when 241 is divided by 83?
75
Calculate the remainder when 26 is divided by 21.
5
Calculate the remainder when 322 is divided by 6.
4
Calculate the remainder when 59 is divided by 33.
26
Calculate the remainder when 6197 is divided by 50.
47
Calculate the remainder when 538 is divided by 17.
11
What is the remainder when 498 is divided by 461?
37
Calculate the remainder when 35 is divided by 13.
9
What is the remainder when 282 is divided by 41?
36
Calculate the remainder when 83124 is divided by 95.
94
What is the remainder when 561 is divided by 59?
30
What is the remainder when 40390 is divided by 408?
406
What is the remainder when 177 is divided by 46?
39
What is the remainder when 493 is divided by 33?
31
Calculate the remainder when 2428 is divided by 81.
79
What is the remainder when 1953 is divided by 23?
21
What is the remainder when 5065 is divided by 54?
43
What is the remainder when 29 is divided by 14?
1
Calculate the remainder when 104 is divided by 15.
14
What is the remainder when 55 is divided by 40?
15
What is the remainder when 4699 is divided by 20?
19
What is the remainder when 120 is divided by 44?
32
What is the remainder when 12100 is divided by 19?
16
What is the remainder when 120 is divided by 79?
41
Calculate the remainder when 4107 is divided by 21.
12
Calculate the remainder when 6138 is divided by 89.
86
Calculate the remainder when 132 is divided by 31.
8
Calculate the remainder when 3600 is divided by 36.
0
Calculate the remainder when 1101 is divided by 5.
1
What is the remainder when 13113 is divided by 215?
213
What is the remainder when 547 is divided by 138?
133
Calculate the remainder when 5771 is divided by 19.
14
Calculate the remainder when 5327 is divided by 72.
71
Calculate the remainder when 15357 is divided by 192.
189
What is the remainder when 98 is divided by 61?
37
What is the remainder when 712 is divided by 65?
62
What is the remainder when 524 is divided by 53?
47
Calculate the remainder when 1673 is divided by 60.
53
Calculate the remainder when 39 is divided by 24.
15
Calculate the remainder when 15342 is divided by 14.
12
What is the remainder when 58 is divided by 48?
10
What is the remainder when 64 is divided by 24?
16
What is the remainder when 1834 is divided by 606?
16
Calculate the remainder when 491 is divided by 123.
122
What is the remainder when 7018 is divided by 119?
116
Calculate the remainder when 385 is divided by 177.
31
Calculate the remainder when 496 is divided by 125.
121
Calculate the remainder when 115 is divided by 64.
51
Calculate the remainder when 1193 is divided by 23.
20
What is the remainder when 41 is divided by 15?
11
What is the remainder when 35 is divided by 18?
17
Calculate the remainder when 1110 is divided by 239.
154
Calculate the remainder when 351 is divided by 89.
84
Calculate the remainder when 1071 is divided by 16.
15
Calculate the remainder when 89 is divided by 80.
9
Calculate the remainder when 1001 is divided by 14.
7
Calculate the remainder when 2539 is divided by 53.
48
Calculate the remainder when 198 is divided by 21.
9
Calculate the remainder when 1410 is divided by 460.
30
What is the remainder when 518 is divided by 258?
2
Calculate the remainder when 922 is divided by 453.
16
What is the remainder when 77 is divided by 16?
13
Calculate the remainder when 15987 is divided by 41.
38
What is the remainder when 773 is divided by 97?
94
Calculate the remainder when 161 is divided by 15.
11
What is the remainder when 5846 is divided by 18?
14
What is the remainder when 4042 is divided by 88?
82
What is the remainder when 621 is divided by 90?
81
What is the remainder when 36692 is divided by 81?
80
Calculate the remainder when 582 is divided by 185.
27
What is the remainder when 524 is divided by 35?
34
Calculate the remainder when 129 is divided by 12.
9
Calculate the remainder when 88 is divided by 6.
4
What is the remainder when 948 is divided by 25?
23
What is the remainder when 295 is divided by 132?
31
What is the remainder when 801 is divided by 384?
33
What is the remainder when 144 is divided by 7?
4
What is the remainder when 161 is divided by 33?
29
What is the remainder when 1477 is divided by 473?
58
What is the remainder when 342 is divided by 176?
166
What is the remainder when 97 is divided by 10?
7
Calculate the remainder when 736 is divided by 30.
16
What is the remainder when 1060 is divided by 83?
64
What is the remainder when 1123 is divided by 49?
45
Calculate the remainder when 886 is divided by 292.
10
What is the remainder when 358 is divided by 89?
2
What is the remainder when 1983 is divided by 986?
11
Calculate the remainder when 98 is divided by 48.
2
What is the remainder when 702 is divided by 121?
97
What is the remainder when 116 is divided by 43?
30
Calculate the remainder when 48 is divided by 15.
3
What is the remainder when 655 is divided by 216?
7
Calculate the remainder when 22 is divided by 2.
0
What is the remainder when 403 is divided by 194?
15
Calculate the remainder when 1984 is divided by 87.
70
What is the remainder when 156 is divided by 19?
4
Calculate the remainder when 226 is divided by 41.
21
Calculate the remainder when 2426 is divided by 203.
193
What is the remainder when 114 is divided by 58?
56
Calculate the remainder when 707 is divided by 42.
35
Calculate the remainder when 21328 is divided by 45.
43
Calculate the remainder when 429 is divided by 84.
9
What is the remainder when 6603 is divided by 20?
3
Calculate the remainder when 494 is divided by 222.
50
What is the remainder when 355 is divided by 170?
15
What is the remainder when 560 is divided by 33?
32
What is the remainder when 82 is divided by 42?
40
What is the remainder when 281 is divided by 11?
6
Calculate the remainder when 345 is divided by 8.
1
Calculate the remainder when 258 is divided by 53.
46
What is the remainder when 97 is divided by 79?
18
Calculate the remainder when 141 is divided by 32.
13
What is the remainder when 1910 is divided by 210?
20
What is the remainder when 70 is divided by 6?
4
Calculate the remainder when 340 is divided by 44.
32
Calculate the remainder when 1223 is divided by 51.
50
What is the remainder when 58 is divided by 7?
2
Calculate the remainder when 71 is divided by 27.
17
Calculate the remainder when 1128 is divided by 232.
200
What is the remainder when 65 is divided by 20?
5
Calculate the remainder when 21 is divided by 16.
5
Calculate the remainder when 571 is divided by 64.
59
Calculate the remainder when 69 is di